{"id":2,"date":"2024-05-28T20:58:09","date_gmt":"2024-05-28T18:58:09","guid":{"rendered":"https:\/\/sepanet.it\/progettaredatabase\/?page_id=2"},"modified":"2025-11-06T11:46:52","modified_gmt":"2025-11-06T10:46:52","slug":"progettare-database","status":"publish","type":"page","link":"https:\/\/www.sepanet.it\/progettaredatabase\/","title":{"rendered":"Progettare Database: i libri e il videocorso su analisi e progettazione delle basi di dati relazionali"},"content":{"rendered":"\n<p>Impara a Progettare Database: sono disponibili libri e videocorso!<\/p>\n\n\n\n<p>La progettazione di un database \u00e8 una fase cruciale nell\u2019ambito della realizzazione di un sistema informativo. E\u2019 la fase in cui si gettano le fondamenta per la costruzione delle strutture che ospiteranno il pi\u00f9 importante asset del sistema: le informazioni.<\/p>\n\n\n\n<h2 class=\"wp-block-heading\">Il videocorso<\/h2>\n\n\n\n<p>Un nuovo corso sulla progettazione dei database \u00e8 stato lanciato sulla piattaforma di formazione online \u201cUdemy\u201d. L\u2019obiettivo principale del corso \u201cProgettare Database Relazionali\u201d \u00e8 quello di fornire agli studenti le competenze necessarie per progettare e gestire basi di dati relazionali in modo efficace. Il corso si svolge online, quindi \u00e8 facilmente sottoscrivibile da tutti gli studenti interessati.<\/p>\n\n\n\n<figure class=\"wp-block-image size-full\"><img loading=\"lazy\" decoding=\"async\" width=\"853\" height=\"632\" src=\"https:\/\/sepanet.it\/progettaredatabase\/wp-content\/uploads\/2025\/02\/Progettazione-di-Database_-Corso-e-Risorse-visual-selection-3.png\" alt=\"\" class=\"wp-image-26\" srcset=\"https:\/\/www.sepanet.it\/progettaredatabase\/wp-content\/uploads\/2025\/02\/Progettazione-di-Database_-Corso-e-Risorse-visual-selection-3.png 853w, https:\/\/www.sepanet.it\/progettaredatabase\/wp-content\/uploads\/2025\/02\/Progettazione-di-Database_-Corso-e-Risorse-visual-selection-3-300x222.png 300w, https:\/\/www.sepanet.it\/progettaredatabase\/wp-content\/uploads\/2025\/02\/Progettazione-di-Database_-Corso-e-Risorse-visual-selection-3-768x569.png 768w\" sizes=\"auto, (max-width: 853px) 100vw, 853px\" \/><\/figure>\n\n\n\n<p>In un panorama lavorativo ove le competenze legate all\u2019ICT sono sempre pi\u00f9 importanti, \u00e8 di cruciale importanza l\u2019offerta formativa in merito alle stesse.<\/p>\n\n\n\n<p>Il corso offre agli iscritti la possibilit\u00e0 di acquisire conoscenze fondamentali nel campo della&nbsp;<a href=\"https:\/\/www.culturaspettacolo.it\/2019\/01\/03\/due-libri-per-imparare-ad-analizzare-e-progettare-database-relazionali\/\">progettazione di basi dati<\/a>&nbsp;ed \u00e8 pertanto un valido strumento formativo.<\/p>\n\n\n\n<h2 class=\"wp-block-heading\">Gli argomenti trattati nel corso sulla progettazione di database<\/h2>\n\n\n\n<figure class=\"wp-block-image size-full\"><img loading=\"lazy\" decoding=\"async\" width=\"710\" height=\"547\" src=\"https:\/\/sepanet.it\/progettaredatabase\/wp-content\/uploads\/2025\/02\/Progettazione-di-Database_-Corso-e-Risorse-visual-selection.png\" alt=\"\" class=\"wp-image-23\" srcset=\"https:\/\/www.sepanet.it\/progettaredatabase\/wp-content\/uploads\/2025\/02\/Progettazione-di-Database_-Corso-e-Risorse-visual-selection.png 710w, https:\/\/www.sepanet.it\/progettaredatabase\/wp-content\/uploads\/2025\/02\/Progettazione-di-Database_-Corso-e-Risorse-visual-selection-300x231.png 300w\" sizes=\"auto, (max-width: 710px) 100vw, 710px\" \/><\/figure>\n\n\n\n<p>Il corso guida gli studenti attraverso una serie di argomenti importanti, tra cui:<\/p>\n\n\n\n<ul class=\"wp-block-list\">\n<li>Concetti di base dei database relazionali;<\/li>\n\n\n\n<li>analisi e progettazione e di basi dati;<\/li>\n\n\n\n<li>normalizzazione dei database;<\/li>\n\n\n\n<li>modellazione dei dati;<\/li>\n\n\n\n<li>ottimizzazione.<\/li>\n<\/ul>\n\n\n\n<h2 class=\"wp-block-heading\">L\u2019opportunit\u00e0 formativa<\/h2>\n\n\n\n<p>L\u2019approccio pratico del corso offre agli studenti l\u2019opportunit\u00e0 di applicare le conoscenze acquisite attraverso esercitazioni pratiche e progetti reali, cos\u00ec potendo essere subito operativi su casi reali.<\/p>\n\n\n\n<figure class=\"wp-block-image size-full\"><img loading=\"lazy\" decoding=\"async\" width=\"625\" height=\"434\" src=\"https:\/\/sepanet.it\/progettaredatabase\/wp-content\/uploads\/2025\/02\/Progettazione-di-Database_-Corso-e-Risorse-visual-selection-1.png\" alt=\"\" class=\"wp-image-24\" srcset=\"https:\/\/www.sepanet.it\/progettaredatabase\/wp-content\/uploads\/2025\/02\/Progettazione-di-Database_-Corso-e-Risorse-visual-selection-1.png 625w, https:\/\/www.sepanet.it\/progettaredatabase\/wp-content\/uploads\/2025\/02\/Progettazione-di-Database_-Corso-e-Risorse-visual-selection-1-300x208.png 300w\" sizes=\"auto, (max-width: 625px) 100vw, 625px\" \/><\/figure>\n\n\n\n<p>Un\u2019opportunit\u00e0 formativa di grande interesse, quindi, che consente agli studenti di acquisire le metodologie e le tecniche pi\u00f9 importanti per lavorare nel mondo dei sistemi informativi ed in particolare nel fondamentale settore dell\u2019analisi e della progettazione delle basi di dati relazionali.<\/p>\n\n\n\n<p>In sintesi, il corso fornisce un\u2019ampia copertura di strumenti e tecnologie utilizzate nel campo della gestione dei database relazionali.<\/p>\n\n\n\n<h2 class=\"wp-block-heading\">Una promozione esclusiva <\/h2>\n\n\n\n<p>Per chi accede da questo sito, \u00e8 disponibile uno sconto speciale utilizzando il link promozionale sottostante. <br><br>Per ulteriori informazioni e per iscriversi al corso, si prega di visitare il seguente link: <a href=\"https:\/\/www.udemy.com\/course\/progettare-database-relazionali-analisi-e-progettazione-db\/?referralCode=0C8370081FA89EB72179 \">https:\/\/www.udemy.com\/course\/progettare-database-relazionali-analisi-e-progettazione-db\/?referralCode=0C8370081FA89EB72179 <\/a><\/p>\n\n\n\n<h2 class=\"wp-block-heading\">I libri<\/h2>\n\n\n\n<p>&#8220;Progettare Database &#8211; Modelli, metodologie e tecniche per l&#8217;analisi e la progettazione di basi di dati relazionali&#8221; \u00e8 un volume in cui vengono trattati semplicemente ed efficacemente i modelli, le metodologie e le tecniche per l\u2019analisi e la progettazione di basi di dati relazionali. <\/p>\n\n\n\n<p>Il volume illustra le tecniche pi\u00f9 utilizzate per una buona progettazione dei database, secondo una metodologia che prevede tre fasi principali: la progettazione concettuale, la progettazione logica e la progettazione fisica. <\/p>\n\n\n\n<p>Nel capitolo relativo alla progettazione concettuale viene illustrato il modello Entit\u00e0\/Relazioni per la schematizzazione, tramite appositi diagrammi, del contenuto informativo del dominio applicativo in esame. Vengono proposte tre tipologie di notazione: la notazione di Chen, la Crow\u2019s Foot e quella che prevede l\u2019utilizzo di UML.<\/p>\n\n\n\n<figure class=\"wp-block-image size-full\"><img loading=\"lazy\" decoding=\"async\" width=\"532\" height=\"618\" src=\"https:\/\/sepanet.it\/progettaredatabase\/wp-content\/uploads\/2025\/02\/Progettazione-di-Database_-Corso-e-Risorse-visual-selection-2.png\" alt=\"\" class=\"wp-image-25\" srcset=\"https:\/\/www.sepanet.it\/progettaredatabase\/wp-content\/uploads\/2025\/02\/Progettazione-di-Database_-Corso-e-Risorse-visual-selection-2.png 532w, https:\/\/www.sepanet.it\/progettaredatabase\/wp-content\/uploads\/2025\/02\/Progettazione-di-Database_-Corso-e-Risorse-visual-selection-2-258x300.png 258w\" sizes=\"auto, (max-width: 532px) 100vw, 532px\" \/><\/figure>\n\n\n\n<p>Nel successivo capitolo, relativo alla progettazione logica, viene illustrato come avviene il passaggio dallo schema concettuale alle strutture logiche della base dati che si intende realizzare. Viene proposto un esempio completo che, a partire dalla raccolta e dall\u2019analisi dei requisiti, mostra come condurre le fasi di progettazione concettuale e logica, illustrando con dovizia di particolari tutti i passaggi da eseguire e le motivazioni delle scelte adottate. <\/p>\n\n\n\n<p>Completano il volume una trattazione semplice della normalizzazione delle basi dati ed il capitolo sulla progettazione fisica, che espone le possibili decisioni da intraprendere in sede progettuale per ottimizzare le prestazioni di un database. La trattazione, semplice ed efficace, anche grazie agli esempi proposti, consente una semplice comprensione da parte dei neofiti del mondo della progettazione delle basi di dati relazionali, ma il volume \u00e8 anche consigliato per studenti universitari e professionisti del settore.<\/p>\n\n\n\n<h2 class=\"wp-block-heading\">Sommario del libro<\/h2>\n\n\n\n<p>LA PROGETTAZIONE DEI DATABASE 13<br>Il ciclo di vita dei sistemi informativi 14<br>La metodologia proposta 16<br>L\u2019importanza della fase di progettazione 18<br>LA PROGETTAZIONE CONCETTUALE 21<br>Il modello Entit\u00e0\/Relazioni 22<br>Entit\u00e0 24<br>Relazioni 25<br>Attributi semplici 27<br>Attributi composti 28<br>Attributi derivati 29<br>Cardinalit\u00e0 delle relazioni 29<br>Cardinalit\u00e0 degli attributi 30<br>Chiavi 31<br>Generalizzazioni e specializzazioni 33<br>Riepilogo 35<br>Altre notazioni 36<br>Crow\u2019s foot 37<br>UML 39<br>Documentazione di uno schema E\/R 42<br>Un esempio di progettazione concettuale 45<br>LA PROGETTAZIONE LOGICA 55<br>Il modello relazionale 57<br>Ristrutturazione dello schema concettuale 60<br>Eliminazione degli attributi composti 60<br>Eliminazione degli attributi multivalore 61<br>Eliminazione delle gerarchie IsA 62<br>Analisi dei dati ridondanti 65<br>Partizionamento di entit\u00e0 o relazioni 69<br>Accorpamento di entit\u00e0 o relazioni 72<br>Scelta delle chiavi primarie 75<br>Traduzione verso il modello relazionale 77<br>Relazione molti a molti 77<br>Relazione uno a molti 79<br>Relazione uno ad uno 81<br>Normalizzazione 83<br>Un esempio di progettazione logica 87<br>LA PROGETTAZIONE FISICA 93<br>Indici 94<br>Partizionamenti 96<br>Viste e viste materializzate 97<\/p>\n\n\n\n<p>Puoi acquistare il libro &#8220;Progettare Database &#8211; Modelli, metodologie e tecniche per l&#8217;analisi e la progettazione di basi di dati relazionali&#8221; in formato cartaceo o in formato e-book.<\/p>\n\n\n\n<figure class=\"wp-block-image size-full\"><img loading=\"lazy\" decoding=\"async\" width=\"620\" height=\"338\" src=\"https:\/\/sepanet.it\/progettaredatabase\/wp-content\/uploads\/2025\/02\/Progettazione-di-Database_-Corso-e-Risorse-visual-selection-4.png\" alt=\"\" class=\"wp-image-27\" srcset=\"https:\/\/www.sepanet.it\/progettaredatabase\/wp-content\/uploads\/2025\/02\/Progettazione-di-Database_-Corso-e-Risorse-visual-selection-4.png 620w, https:\/\/www.sepanet.it\/progettaredatabase\/wp-content\/uploads\/2025\/02\/Progettazione-di-Database_-Corso-e-Risorse-visual-selection-4-300x164.png 300w\" sizes=\"auto, (max-width: 620px) 100vw, 620px\" \/><\/figure>\n\n\n\n<p>In&nbsp;<strong>formato cartaceo<\/strong>&nbsp;lo puoi acquistare su Amazon&nbsp;<strong><a href=\"https:\/\/amzn.to\/3iTdL0t\">cliccando qui<\/a><\/strong><br><br>Invece, in&nbsp;<strong>formato ebook<\/strong>&nbsp;il libro &#8220;Progettare Database&#8221; \u00e8 disponibile in formato Kindle su Amazon, dove lo puoi acquistare&nbsp;<strong><a href=\"https:\/\/amzn.to\/314YFim\">cliccando qui<\/a><\/strong>, oppure su Google Play, dove puoi trovarlo&nbsp;<strong><a href=\"https:\/\/play.google.com\/store\/books\/details\/Sergio_Palumbo_Progettare_Database_Modelli_Metodol?id=kl3EfuZzr08C\">cliccando qui<\/a><\/strong><\/p>\n\n\n\n<p>Invece, se preferisci il libro nella versione &#8220;Imparare a progettare database in 7 giorni&#8221;, puoi acquistarlo in formato cartaceo su Amazon&nbsp;<strong><a href=\"https:\/\/amzn.to\/4qqTG5e\">cliccando qui<\/a><\/strong><br><br>Invece, in&nbsp;<strong>formato ebook<\/strong>&nbsp;il libro &#8220;Imparare a progettare database in 7 giorni&#8221; \u00e8 disponibile in formato Kindle sul Kindle Store di Amazon, dove puoi acquistarlo&nbsp;<strong><a href=\"https:\/\/amzn.to\/3kTsREH\">cliccando qui<\/a><\/strong>, oppure su Google Play, dove puoi trovarlo&nbsp;<strong><a href=\"https:\/\/play.google.com\/store\/books\/details\/Sergio_Palumbo_Imparare_a_progettare_database_in_7?id=hP88AgAAQBAJ\">cliccando qui<\/a><\/strong><\/p>\n","protected":false},"excerpt":{"rendered":"<p>Impara a Progettare Database: sono disponibili libri e videocorso! La progettazione di un database \u00e8 una fase cruciale nell\u2019ambito della realizzazione di un sistema informativo. E\u2019 la fase in cui si gettano le fondamenta per la costruzione delle strutture che ospiteranno il pi\u00f9 importante asset del sistema: le informazioni. Il videocorso Un nuovo corso sulla [&hellip;]<\/p>\n","protected":false},"author":1,"featured_media":0,"parent":0,"menu_order":0,"comment_status":"closed","ping_status":"open","template":"","meta":{"footnotes":""},"class_list":["post-2","page","type-page","status-publish","hentry"],"yoast_head":"<!-- This site is optimized with the Yoast SEO plugin v26.3 - https:\/\/yoast.com\/wordpress\/plugins\/seo\/ -->\r\n<title>Progettare Database libri e videocorso su analisi e progettazione db<\/title>\r\n<meta name=\"description\" content=\"Progettare Database: scopri i libri e videocorso sull&#039;analisi e sulla progettazione delle basi di dati relazionali\" \/>\r\n<meta name=\"robots\" content=\"index, follow, max-snippet:-1, max-image-preview:large, max-video-preview:-1\" \/>\r\n<link rel=\"canonical\" href=\"https:\/\/www.sepanet.it\/progettaredatabase\/\" \/>\r\n<meta property=\"og:locale\" content=\"it_IT\" \/>\r\n<meta property=\"og:type\" content=\"article\" \/>\r\n<meta property=\"og:title\" content=\"Progettare Database libri e videocorso su analisi e progettazione db\" \/>\r\n<meta property=\"og:description\" content=\"Progettare Database: scopri i libri e videocorso sull&#039;analisi e sulla progettazione delle basi di dati relazionali\" \/>\r\n<meta property=\"og:url\" content=\"https:\/\/www.sepanet.it\/progettaredatabase\/\" \/>\r\n<meta property=\"og:site_name\" content=\"Progettare Database Relazionali\" \/>\r\n<meta property=\"article:modified_time\" content=\"2025-11-06T10:46:52+00:00\" \/>\r\n<meta property=\"og:image\" content=\"https:\/\/sepanet.it\/progettaredatabase\/wp-content\/uploads\/2025\/02\/Progettazione-di-Database_-Corso-e-Risorse-visual-selection-3.png\" \/>\r\n<meta name=\"twitter:card\" content=\"summary_large_image\" \/>\r\n<meta name=\"twitter:label1\" content=\"Tempo di lettura stimato\" \/>\n\t<meta name=\"twitter:data1\" content=\"6 minuti\" \/>\r\n<script type=\"application\/ld+json\" class=\"yoast-schema-graph\">{\"@context\":\"https:\/\/schema.org\",\"@graph\":[{\"@type\":\"WebPage\",\"@id\":\"https:\/\/www.sepanet.it\/progettaredatabase\/\",\"url\":\"https:\/\/www.sepanet.it\/progettaredatabase\/\",\"name\":\"Progettare Database libri e videocorso su analisi e progettazione db\",\"isPartOf\":{\"@id\":\"https:\/\/www.sepanet.it\/progettaredatabase\/#website\"},\"primaryImageOfPage\":{\"@id\":\"https:\/\/www.sepanet.it\/progettaredatabase\/#primaryimage\"},\"image\":{\"@id\":\"https:\/\/www.sepanet.it\/progettaredatabase\/#primaryimage\"},\"thumbnailUrl\":\"https:\/\/sepanet.it\/progettaredatabase\/wp-content\/uploads\/2025\/02\/Progettazione-di-Database_-Corso-e-Risorse-visual-selection-3.png\",\"datePublished\":\"2024-05-28T18:58:09+00:00\",\"dateModified\":\"2025-11-06T10:46:52+00:00\",\"description\":\"Progettare Database: scopri i libri e videocorso sull'analisi e sulla progettazione delle basi di dati relazionali\",\"breadcrumb\":{\"@id\":\"https:\/\/www.sepanet.it\/progettaredatabase\/#breadcrumb\"},\"inLanguage\":\"it-IT\",\"potentialAction\":[{\"@type\":\"ReadAction\",\"target\":[\"https:\/\/www.sepanet.it\/progettaredatabase\/\"]}]},{\"@type\":\"ImageObject\",\"inLanguage\":\"it-IT\",\"@id\":\"https:\/\/www.sepanet.it\/progettaredatabase\/#primaryimage\",\"url\":\"https:\/\/sepanet.it\/progettaredatabase\/wp-content\/uploads\/2025\/02\/Progettazione-di-Database_-Corso-e-Risorse-visual-selection-3.png\",\"contentUrl\":\"https:\/\/sepanet.it\/progettaredatabase\/wp-content\/uploads\/2025\/02\/Progettazione-di-Database_-Corso-e-Risorse-visual-selection-3.png\"},{\"@type\":\"BreadcrumbList\",\"@id\":\"https:\/\/www.sepanet.it\/progettaredatabase\/#breadcrumb\",\"itemListElement\":[{\"@type\":\"ListItem\",\"position\":1,\"name\":\"Home\",\"item\":\"https:\/\/www.sepanet.it\/progettaredatabase\/\"},{\"@type\":\"ListItem\",\"position\":2,\"name\":\"Progettare Database: i libri e il videocorso su analisi e progettazione delle basi di dati relazionali\"}]},{\"@type\":\"WebSite\",\"@id\":\"https:\/\/www.sepanet.it\/progettaredatabase\/#website\",\"url\":\"https:\/\/www.sepanet.it\/progettaredatabase\/\",\"name\":\"Progettare Database Relazionali\",\"description\":\"Libri e videocorso sull&#039;analisi e la progettazione delle basi di dati relazionali\",\"potentialAction\":[{\"@type\":\"SearchAction\",\"target\":{\"@type\":\"EntryPoint\",\"urlTemplate\":\"https:\/\/www.sepanet.it\/progettaredatabase\/?s={search_term_string}\"},\"query-input\":{\"@type\":\"PropertyValueSpecification\",\"valueRequired\":true,\"valueName\":\"search_term_string\"}}],\"inLanguage\":\"it-IT\"}]}<\/script>\r\n<!-- \/ Yoast SEO plugin. -->","yoast_head_json":{"title":"Progettare Database libri e videocorso su analisi e progettazione db","description":"Progettare Database: scopri i libri e videocorso sull'analisi e sulla progettazione delle basi di dati relazionali","robots":{"index":"index","follow":"follow","max-snippet":"max-snippet:-1","max-image-preview":"max-image-preview:large","max-video-preview":"max-video-preview:-1"},"canonical":"https:\/\/www.sepanet.it\/progettaredatabase\/","og_locale":"it_IT","og_type":"article","og_title":"Progettare Database libri e videocorso su analisi e progettazione db","og_description":"Progettare Database: scopri i libri e videocorso sull'analisi e sulla progettazione delle basi di dati relazionali","og_url":"https:\/\/www.sepanet.it\/progettaredatabase\/","og_site_name":"Progettare Database Relazionali","article_modified_time":"2025-11-06T10:46:52+00:00","og_image":[{"url":"https:\/\/sepanet.it\/progettaredatabase\/wp-content\/uploads\/2025\/02\/Progettazione-di-Database_-Corso-e-Risorse-visual-selection-3.png","type":"","width":"","height":""}],"twitter_card":"summary_large_image","twitter_misc":{"Tempo di lettura stimato":"6 minuti"},"schema":{"@context":"https:\/\/schema.org","@graph":[{"@type":"WebPage","@id":"https:\/\/www.sepanet.it\/progettaredatabase\/","url":"https:\/\/www.sepanet.it\/progettaredatabase\/","name":"Progettare Database libri e videocorso su analisi e progettazione db","isPartOf":{"@id":"https:\/\/www.sepanet.it\/progettaredatabase\/#website"},"primaryImageOfPage":{"@id":"https:\/\/www.sepanet.it\/progettaredatabase\/#primaryimage"},"image":{"@id":"https:\/\/www.sepanet.it\/progettaredatabase\/#primaryimage"},"thumbnailUrl":"https:\/\/sepanet.it\/progettaredatabase\/wp-content\/uploads\/2025\/02\/Progettazione-di-Database_-Corso-e-Risorse-visual-selection-3.png","datePublished":"2024-05-28T18:58:09+00:00","dateModified":"2025-11-06T10:46:52+00:00","description":"Progettare Database: scopri i libri e videocorso sull'analisi e sulla progettazione delle basi di dati relazionali","breadcrumb":{"@id":"https:\/\/www.sepanet.it\/progettaredatabase\/#breadcrumb"},"inLanguage":"it-IT","potentialAction":[{"@type":"ReadAction","target":["https:\/\/www.sepanet.it\/progettaredatabase\/"]}]},{"@type":"ImageObject","inLanguage":"it-IT","@id":"https:\/\/www.sepanet.it\/progettaredatabase\/#primaryimage","url":"https:\/\/sepanet.it\/progettaredatabase\/wp-content\/uploads\/2025\/02\/Progettazione-di-Database_-Corso-e-Risorse-visual-selection-3.png","contentUrl":"https:\/\/sepanet.it\/progettaredatabase\/wp-content\/uploads\/2025\/02\/Progettazione-di-Database_-Corso-e-Risorse-visual-selection-3.png"},{"@type":"BreadcrumbList","@id":"https:\/\/www.sepanet.it\/progettaredatabase\/#breadcrumb","itemListElement":[{"@type":"ListItem","position":1,"name":"Home","item":"https:\/\/www.sepanet.it\/progettaredatabase\/"},{"@type":"ListItem","position":2,"name":"Progettare Database: i libri e il videocorso su analisi e progettazione delle basi di dati relazionali"}]},{"@type":"WebSite","@id":"https:\/\/www.sepanet.it\/progettaredatabase\/#website","url":"https:\/\/www.sepanet.it\/progettaredatabase\/","name":"Progettare Database Relazionali","description":"Libri e videocorso sull&#039;analisi e la progettazione delle basi di dati relazionali","potentialAction":[{"@type":"SearchAction","target":{"@type":"EntryPoint","urlTemplate":"https:\/\/www.sepanet.it\/progettaredatabase\/?s={search_term_string}"},"query-input":{"@type":"PropertyValueSpecification","valueRequired":true,"valueName":"search_term_string"}}],"inLanguage":"it-IT"}]}},"_links":{"self":[{"href":"https:\/\/www.sepanet.it\/progettaredatabase\/wp-json\/wp\/v2\/pages\/2","targetHints":{"allow":["GET"]}}],"collection":[{"href":"https:\/\/www.sepanet.it\/progettaredatabase\/wp-json\/wp\/v2\/pages"}],"about":[{"href":"https:\/\/www.sepanet.it\/progettaredatabase\/wp-json\/wp\/v2\/types\/page"}],"author":[{"embeddable":true,"href":"https:\/\/www.sepanet.it\/progettaredatabase\/wp-json\/wp\/v2\/users\/1"}],"replies":[{"embeddable":true,"href":"https:\/\/www.sepanet.it\/progettaredatabase\/wp-json\/wp\/v2\/comments?post=2"}],"version-history":[{"count":10,"href":"https:\/\/www.sepanet.it\/progettaredatabase\/wp-json\/wp\/v2\/pages\/2\/revisions"}],"predecessor-version":[{"id":37,"href":"https:\/\/www.sepanet.it\/progettaredatabase\/wp-json\/wp\/v2\/pages\/2\/revisions\/37"}],"wp:attachment":[{"href":"https:\/\/www.sepanet.it\/progettaredatabase\/wp-json\/wp\/v2\/media?parent=2"}],"curies":[{"name":"wp","href":"https:\/\/api.w.org\/{rel}","templated":true}]}}